 4. Let m be (-2)/5*5 + 263. Let n = 253 - m. What is h(n)?
12
Let i(y) = -y**2 + 19*y + 68. Let a be i(-3). Let v(c) = c**3 + 3*c**2 - 2*c + 1. What is v(a)?
17
Let q(o) = o**3 - 15*o**2 - 17*o + 6. Suppose -73 = -4*c - 3*y, -c - 1 = -3*y - 8. What is q(c)?
-10
Let q(z) be the third derivative of -z**4/8 + z**3/6 - 17*z**2. Let i = -454 + 460. Give q(i).
-17
Let m(b) = -17 + 38 - b + 22*b**2 - b**3 + 2*b**3. Let i be m(-22). Let r(j) = -i - 18*j - j**2 + 10*j + 45. What is r(-8)?
2
Let o(p) be the first derivative of -2*p + 1/3*p**3 + 33 - 3/2*p**4 - 1/2*p**2. What is o(-1)?
6
Let w(f) = 3139*f - 1046*f - 1044*f - 178 - 1040*f - 11. Give w(24).
27
Let a(p) = p**3 + 6*p**2 - 6*p + 4. Let h(f) = 2*f**3 + 7*f**2 - 7*f + 4. Let u(g) = -3*a(g) + 2*h(g). Suppose 124 + 110 = 108*s - 198. Give u(s).
12
Let x(d) be the third derivative of -2*d**3 + 0*d + 1/24*d**4 + 0 - 54*d**2. Determine x(13).
1
Let b(k) = k**3 + 7*k**2 + 7*k + 3. Let n be (-17)/(136/(-720))*-3. Let x be (-4)/(-10) - -5*n/250. Give b(x).
18
Let t(u) be the second derivative of 1/6*u**3 + 1/12*u**4 + u**2 - 19*u + 0. Calculate t(-2).
4
Let a(f) = -f**2 + 29*f - 62. Suppose 2348 = 19*t + 1835. Give a(t).
-8
Let a(g) = -11*g - 29. Let x(n) = 18*n + 56. Let l(u) = -9*a(u) - 5*x(u). Calculate l(3).
8
Let o(l) = 7*l**3 - 207*l**2 + 206*l**2 + l**3. Let p be 0 + ((-5)/15*3 - 0). Determine o(p).
-9
Let z(d) = 2*d**2 + 8*d - 17. Suppose 0 = 16*a - 56 + 152. Determine z(a).
7
Let t(r) = r. Let y be ((-4)/(-8))/(3/318). Let f(c) = -49*c + 2 + 97*c - y*c. Let s(d) = f(d) + 6*t(d). Determine s(-3).
-1
Let r(d) = -d**2 - 12*d + 8. Let v(w) = -2*w + 1. Let b(l) = r(l) - 3*v(l). Let z(m) = m**2 - 11*m + 19. Let f = -3 - -11. Let p be z(f). Calculate b(p).
10
Let l(f) = f - 23. Suppose 14*j - 11*j + 17 = -z, z - 2*j = 18. Calculate l(z).
-19
Let j(f) be the first derivative of 9 + f**2 + 1/4*f**4 + 3*f - 5/3*f**3. Calculate j(4).
-5
Let t(l) = -l**3 + 6*l**2 - 1. Let f(z) = -22 + 15*z + 8*z**2 + 2*z**2 + 20 + z**3. Let j = -15 + 7. Let p be f(j). Determine t(p).
-1
Let c be 8 + (-5)/((-5)/(-2)). Let a(q) = q - 1. Let t be (-2*3/12)/(27/54). Let f(k) = -5*k + 6. Let d(n) = t*f(n) - 6*a(n). What is d(c)?
-6
Let g(u) be the second derivative of -u**5/20 - 7*u**4/6 - 8*u**3/3 - 17*u**2/2 - 1183*u. Determine g(-13).
22
Let u(s) = -s**2 + 4*s + 7. Let x be u(5). Suppose 0 = x*v - 0*v - 4. Let m(w) = 36194*w**2 + 0 - 4*w + 3 - w**3 - 36190*w**2. What is m(v)?
3
Let m = 573 + -568. Let v(z) = -6 + 10*z**2 - m*z**2 - 4*z**3 + 6*z**3 - 3*z**3 + 6*z. Let q(t) = -2*t - 5. Let f be q(-5). What is v(f)?
24
Let d(l) be the first derivative of l**4/24 + 2*l**3/3 + l**2 - 3*l - 6. Let y(z) be the second derivative of d(z). Determine y(-8).
-4
Let q(k) be the second derivative of 0 - 1/6*k**4 + 1/2*k**2 + 1/2*k**3 + 179*k. What is q(-2)?
-13
Let r(g) = 4*g**2 - 58*g - 120. Let t(b) = 3*b**2 - 42*b - 120. Let n(j) = -4*r(j) + 5*t(j). Calculate n(16).
-24
Let m(y) = -y**2 - y - 50. Let r = -10973 - -10973. Determine m(r).
-50
Suppose 0 = -4*x - 2*o + 6, -x + o - 3 = -0*o. Let j(z) be the first derivative of -z**4/4 + 12*z + 130897. Give j(x).
12
Let u(l) be the second derivative of -l**4/12 - 5*l**3/2 - 29*l**2 + 2*l + 1950. What is u(-9)?
-4
Let r(v) = -2*v + 1. Let a be r(-2). Let k(c) be the first derivative of c**4/4 - 4*c**3/3 + 5*c**2/2 + 3*c + 125. Calculate k(a).
53
Let t(z) = -2*z**2 - 26*z - 79. Let c be 306/(4 + -22) + 11. Calculate t(c).
5
Let z(t) = 42*t - 257. Let w(b) = -30*b + 2016. Let v be w(67). Determine z(v).
-5
Let c(g) = 2*g**2 + 6*g + 1. Let y = -41 - 10. Let s be -4 - ((-2)/3)/(34/y). What is c(s)?
21
Let q = 12 - 8. Suppose 0 = q*w + k + 7, 4*w - 9 = 4*k - 21. Let n(t) be the third derivative of t**4/12 + t**3/6 - 101*t**2. What is n(w)?
-3
Let q(y) = 2*y**3 - 21*y**2 + 19*y - 6. Let c(f) = 9*f - 7*f**2 + f**3 + 0*f**3 - 3*f**2 - 3. Suppose -v = 15 - 2. Let d(u) = v*c(u) + 6*q(u). Give d(3).
3
Let h(z) = 5*z**2 - 22*z - 164. Let x be h(-4). Let a(v) = v**3 + 8*v - 9. Calculate a(x).
87
Let z(f) = -f**2 - 15*f + 2. Let y(c) = 5 - 3 + 0 - 9*c - 8 - 45. Let p be y(-4). What is z(p)?
2
Let z(l) = l**3 + 8*l**2 - l. Let d(p) = 6*p**3 + 40*p**2 - 6*p + 5. Let w(a) = d(a) - 5*z(a). Give w(0).
5
Let s(n) be the first derivative of 2*n**3/3 - 29*n**2/2 + 22*n + 1105. Give s(14).
8
Let a(b) = b + 8. Let p = 905 + -918. Determine a(p).
-5
Let h(d) = -2*d**3 - d + d**2 - d + 36107 - 36111. Determine h(3).
-55
Let q(b) = -5*b**3 + 8*b**2 - 4*b + 3. Let i(m) = -27*m**3 + 41*m**2 - 21*m + 15. Let a(s) = -2*i(s) + 11*q(s). Suppose 6*j = 2*j + 24. Give a(j).
-9
Suppose w = 2, -4*w + 19 = 3*u - 13. Let q(y) be the first derivative of 4*y**2 - 9*y - 3*y**3 - 21 + 1/4*y**4. Calculate q(u).
-9
Suppose -4*k + 1 = -5*k + 5*u, 1 = -k - 2*u. Let w(q) = 109*q**2 + q + 2. Give w(k).
110
Let r(v) = v + 3. Let s(w) = -83*w - 5. Let b be s(-1). Let x be ((-2)/3)/((b/(-36))/(-13)). Calculate r(x).
-1
Let d(y) = y**2 - 7*y - 8. Let s = -29 + 31. Suppose 4*u + 294 = -5*t, 227 = -2*t - s*t + 5*u. Let o be (-11)/44 + t/(-8). Calculate d(o).
-8
Let v(n) = 6*n**3 + 11*n**2 - 17*n - 9. Let l(c) = c**3 - c**2 - 3*c - 1. Let o(u) = -5*l(u) + v(u). Determine o(-16).
28
Let j(s) = -3 + 4*s**3 + 16378*s**2 - 67 - 16335*s**2 - 25*s - 2*s**3. What is j(-22)?
-4
Let y(q) = -2*q**2 - 14*q + 496. Let l(t) = -4*t**2 - 27*t + 913. Let r(z) = -6*l(z) + 11*y(z). Determine r(3).
20
Let p(c) = -23*c - 55. Suppose 47 = 17*d + 121 - 23. What is p(d)?
14
Let x be 1/(9/(-12))*-6. Let q(k) = k - 8*k**2 + k**3 + 1868 - 921 - 954. Calculate q(x).
1
Let x(k) = 14*k - 1. Suppose -2*i = 0, 3*i - 24 = -4*z + 4*i. Let y(r) be the first derivative of -r**2/2 + 5*r - 23. Let p be y(z). Give x(p).
-15
Suppose 10*b - 11 = -4*a + 5*a, 3*a = -3. Let n(y) = 45*y**2 + 4*y - 3. Calculate n(b).
46
Suppose 0 = 4*y + 1 - 9. Let u(n) = -80*n**3 + 86*n**2 + 12*n + 62. Let d(r) = 13*r**3 - 14*r**2 - 2*r - 10. Let i(p) = -37*d(p) - 6*u(p). Calculate i(y).
2
Let o = -161 + 95. Let m = 60 + o. Let q(y) be the first derivative of -y**3/3 - 4*y**2 + 2*y + 3. Determine q(m).
14
Let h(u) = -u**3 + 2*u**2 + 12*u - 3. Let s = 2737 - 2740. Determine h(s).
6
Let j be 2 - (-4 - (-18)/6). Let n(y) = 8*y - 8*y + j*y**3 + 1 + y. Let h be (-1 - 0/(-2))/1. Give n(h).
-3
Let q(x) = -266*x - 796. Let t be q(-3). Let o(p) be the first derivative of 3 + 7/2*p**t - 1/3*p**3 - 8*p. What is o(6)?
-2
Suppose 3*c + 24 = -5*m - 36, c + 37 = 4*m. Let u = 25 + c. Let i(b) = 190 - b + 233 - b**3 - 410. What is i(u)?
13
Let w be (1/(-1))/(3/30*5). Let s(n) be the second derivative of n**4/8 - n**3/6 - 3*n**2 - 7*n. Let d(z) be the first derivative of s(z). Determine d(w).
-7
Let i(b) = -18*b + b**2 - 13568 - 2*b**2 + 0*b**2 + 13445. What is i(-13)?
-58
Let g(j) = j**3 + 2*j**2 - 4. Let x be ((-12)/(-9))/((-20)/(-75)). Suppose x*p + 4*a = -11 - 0, 5*p + a = -14. What is g(p)?
-13
Let f(p) = 4*p + 10*p + 30 + 64 - 9. Determine f(-6).
1
Let b(q) = q**3 - 7*q**2 + 9*q + 5. Let k = 4165 + -4160. Calculate b(k).
0
Let u(t) = 2*t - 7 - t**2 + 7*t + 0 - 10. Determine u(9).
-17
Let v(q) = -3*q**2 - 156*q + 42. Let l(k) = k**2 + 35*k. Let i(c) = -4*l(c) - v(c). Determine i(12).
6
Suppose 0 = 7*f + 11 + 10. Let m(g) = -3*g**2 - 22*g - 4. Let x(r) = r**2 + 7*r + 1. Let c(s) = 2*m(s) + 7*x(s). What is c(f)?
-7
Let d(b) = 87*b - 363. Let j(w) = 21*w - 92. Let g(p) = -2*d(p) + 9*j(p). Calculate g(7).
3
Let y = -563 - -567. Let g(t) = -3 + 6 + 1 - y - 2 + 2*t**2 + t. What is g(2)?
8
Let d(w) = 31*w - 28. Let l(c) = -27*c + 26. Let p(y) = -2*d(y) - 3*l(y). Determine p(3).
35
Let j(a) = 2*a**2 + 26*a + 6. Suppose 14*b + 605 = 423. Determine j(b).
6
Suppose -4*v - 22 = -2*d - 12, 0 = -2*v - 6*d + 2. Let x(l) = l**2 - 2. Calculate x(v).
2
Let h(v) be the third derivative of -v**6/120 + v**5/6 + 5*v**4/8 - 25*v**3/6 + 1434*v**2. Determine h(11).
19
Let n(i) = -151*i - 1420. Let r(g) = -95*g - 710. Let l(d) = -3*n(d) + 5*r(d). Determine l(32).
6
Let o be 1/(-4) - 135/36. Let b(m) be the third derivative of m**6/120 + m**5/10 - 2*m**3/3 + 441*m**2. Calculate b(o).
28
Suppose 0 = -11*n + n + 100. Let v(u) = -u**3 + 10*u**2 + 2. Let m be v(n). Let d(z) = 0*z - 33*z**2 + 32*z**2 - m*z. What is d(-4)?
-8
Let y be 9806/26 - 1